 digit of p(17)?
9
Let a(y) be the second derivative of -3*y**5/20 + y. Suppose 0 = -5*x - 25 + 10. What is the tens digit of a(x)?
8
Suppose 3*c - 5*n - 10 = 11, 2*c - 33 = -3*n. What is the units digit of (-968)/(-2)*(6 - 66/c)?
2
What is the ten thousands digit of ((-814425)/(-50))/((-5)/((-40)/12))?
1
Let g = 9260 - 2243. What is the tens digit of g?
1
Let w = 174726 - 90633. What is the tens digit of w?
9
Let t(j) = -53*j - 7. Let y = -165 + 158. What is the tens digit of t(y)?
6
Suppose -4*s + 24 = 8*s. Suppose y = s*k - 3*y - 884, -5*y + 20 = 0. What is the units digit of k?
0
Let n be 1 - -1*2/(-4)*-4. Let q(r) = -6*r**2 - n*r**3 + r**3 - 3 + 18*r**2 + 17*r**2 - 12*r. What is the units digit of q(14)?
5
Let l = -8953 - -30375. What is the units digit of l?
2
Let o = -124 - -133. Suppose 2*c - o = -0*c - 3*n, 4*n - 12 = -5*c. Suppose -10*b + 9*b + 264 = c. What is the tens digit of b?
6
Suppose 4*o + 52 = 60. Suppose -v = 2*a + 2*a - 418, -v + o = 0. Let s = a + -39. What is the tens digit of s?
6
Let u be (22/(-99))/((-6)/12933). Suppose -a - h = a - u, 4*a + 5*h = 967. What is the units digit of a?
8
What is the tens digit of -4*27/72*2216/(-6)?
5
Suppose -106*q + 410926 + 225096 - 47192 = 0. What is the thousands digit of q?
5
Let u(k) = -7724*k + 4805. What is the thousands digit of u(-6)?
1
Let o be -6 - -2 - (-6 + 4)*2. Suppose 3*y + 3*j - 285 = o, -y + 3*j = 4*y - 507. What is the tens digit of (350/15)/(-7)*y/(-2)?
6
Let i = -11094 - -12300. What is the units digit of i?
6
What is the units digit of (5 + -2 - 3) + (-1 - -2) + 2422?
3
Suppose 2*k = 4*f + 34442, 0 = -595*k + 599*k - 5*f - 68902. What is the hundreds digit of k?
2
Let n(j) = j**3 + 33*j**2 - 10*j + 49. Let r be n(-33). Let f = -225 + r. What is the tens digit of f?
5
Suppose 0 = 5*p + q - 2*q - 21, 0 = -2*p + 4*q + 12. Suppose 0 = -g, -p*j + 0*g - 5*g = -540. What is the hundreds digit of j?
1
Suppose 0 = 159*k - 157*k - 56. Suppose -k*c + 9911 = -17*c. What is the hundreds digit of c?
9
Suppose -6*x = -2*x - 752. Let p(r) = 2*r + 1 - 175*r**2 + x*r**2 - 12. What is the tens digit of p(-5)?
0
Let j(h) = 3*h**3 - 77*h**2 + 45*h + 17. What is the hundreds digit of j(26)?
8
Let y be (-12)/(-8)*8/3. Suppose -s = -y*p + 15, 1 + 2 = p. What is the units digit of ((-120)/(-16))/(s/(-4))?
0
Let o(i) = -i**2 - 17*i + 42. Let q be o(-19). Suppose 2*r + 4*u + u - 1787 = 0, -12 = -q*u. What is the hundreds digit of r?
8
Suppose 6 = 2*r - 2*s, -s - 2*s = -2*r + 9. What is the tens digit of (1 + r - 2)*-1010?
1
Suppose -6*o - 53571 = -95719 - 88400. What is the tens digit of o?
5
What is the tens digit of (5 - ((-76578)/(-2) - (-80)/10))*-1?
9
Let n(r) = -137*r + 834. What is the hundreds digit of n(-23)?
9
Let p = 24 - 12. Let t = p - 9. Suppose t*g = -4*h + 119, -5*g - 19 = 3*h - 122. What is the units digit of h?
6
Let z(h) = 13 + 51 - 4 + 12*h. Let s be (-12)/14*(1540/5)/(-22). What is the hundreds digit of z(s)?
2
Suppose 0*v + 12 = 6*v. Suppose -6 - 4 = -v*i. Let m = i + 66. What is the tens digit of m?
7
Let h be 1504/(-68) + (-20)/(-170). What is the hundreds digit of (1/(h/165))/((-6)/344)?
4
What is the tens digit of ((27/90)/((-1)/(-5)))/(13/67418)?
7
Suppose 5*c - 13 - 2 = 0. Suppose -2090 = c*d - 13*d. What is the hundreds digit of d?
2
Let a = -497 - -500. Suppose -5*x - 5*h = -160, -a*x - 36*h + 40*h + 103 = 0. What is the units digit of x?
3
Suppose 60*t = 67265 + 152095. What is the thousands digit of t?
3
Let q be 18/(-6)*2/3*-1. Let s(o) = -39*o - 35*o + 6*o**3 + 6*o**q + 66*o. What is the units digit of s(3)?
2
Suppose 0 = -6*x + 4*x + 10. Suppose x*i = -i + 36. Suppose 2*n + 0*n - i = -2*d, 0 = n - 2*d + 3. What is the units digit of n?
1
Suppose -108*r + 12334 = -101*r. Let o = -674 + r. What is the hundreds digit of o?
0
Let f = -59 - -61. Suppose 2*l + f = -6. What is the tens digit of l/(-6) + (-885)/(-9) + -3?
9
Suppose 135*c - 133*c + 3*y - 24672 = 0, -3*c = -5*y - 36970. What is the ten thousands digit of c?
1
Let r(m) = 3*m**2 - 65*m - 18. Let o be r(22). Suppose o*c - 2*z - 480 = 0, -c + 39 = -5*z - 63. What is the hundreds digit of c?
1
What is the tens digit of -1 + (-3)/(-5) - (-3562572)/130?
0
Suppose 0 = 3*c + 3*f + f + 14, 0 = 2*c - f - 9. Suppose 4*b - 3*o - 1013 = 0, -c*b - o + 390 = -129. What is the units digit of b?
7
Suppose 3*f + 125 = 398. Let m be f - (3 + -3 + 3). Suppose 2*t = -4*b + m, 0 = -3*t + 7*t - b - 221. What is the tens digit of t?
5
Let f = 43719 + -33571. What is the thousands digit of f?
0
Let j(k) = 4*k**2 - 70*k + 185. What is the tens digit of j(44)?
4
Suppose 3*x - 15 = 4*w, 25 = 5*w + 6*x - x. Suppose w = -6*l - 350 - 118. Let i = l + 152. What is the tens digit of i?
7
Let z be (-1)/((-4)/10 + 36/40). What is the hundreds digit of ((-81)/(-162))/(z/(-2116))?
5
Let z(m) = m**2 - 8*m + 12. Let g be z(10). Suppose 5*b = 3*b + g. What is the hundreds digit of (-8)/b - (-418)/4?
1
Let f(m) = m**2 - 18*m + 13. Let w be f(17). Let x = 189 + w. Suppose r - 5*b = 221, -4*b = -4*r + 5*r - x. What is the hundreds digit of r?
2
Suppose 2*c + 3*l - 5 = 31, -5*l - 5 = -c. Let g be 2498/18 + (2 - 16/9). Suppose m = g + c. What is the hundreds digit of m?
1
Let a(u) = 7*u**2 + 12. Suppose -70 = -20*j + 70. Suppose 4*t = 5*v, j*v = -3*t + 8*v + 11. What is the units digit of a(t)?
7
Suppose -249*w = -439*w + 76760. What is the hundreds digit of w?
4
Let z(p) = 20*p**2 + 126*p + 4210. What is the ten thousands digit of z(-32)?
2
Let o(z) = z**3 + 19*z**2 + 48*z - 9. What is the tens digit of o(-13)?
8
Let t(h) = 2*h**2 - 28*h + 29. What is the hundreds digit of t(25)?
5
Let u(y) = -2*y**3 - 10*y**2 + y + 9. Let v be u(-5). Suppose 3*j - 2308 = a + v*a, 2*a + 10 = 0. What is the units digit of j?
1
What is the hundreds digit of (-819140)/(-90) - ((-186)/54 - -3)?
1
Suppose 51*t = -283*t + 2750490. What is the units digit of t?
5
Suppose 76320 = 3*u + 951*r - 954*r, u + r - 25454 = 0. What is the hundreds digit of u?
4
What is the hundreds digit of ((-35)/(-21))/((-9)/15 - 479915/(-799650))?
6
Suppose 6*p = p - 2*i - 1172, 1165 = -5*p + 5*i. Let c be (-2)/(-7) + p/(-63). Suppose -c*l = -109 - 79. What is the tens digit of l?
4
Suppose -118304 = -37*j - 8*j + 600121. What is the hundreds digit of j?
9
Let o be (-6 + 7)*-2 - -6. What is the tens digit of o/144*4 + (-20490)/(-27)?
5
Suppose -218014 = -46*d + 36831 + 131463. What is the hundreds digit of d?
3
Suppose -2*m + n - 836 - 120 = 0, 5*n + 1408 = -3*m. Let u = m - -743. What is the hundreds digit of u?
2
What is the hundreds digit of (-1)/(-5*14/672770)?
6
What is the ten thousands digit of (18/4)/((-66)/(-88)) - -27280?
2
Let a(c) = -19*c + 294. Let t be a(-8). Let l be (20/(-6))/(2/(-3)). Suppose l*b + 1 = t. What is the tens digit of b?
8
Let q(k) be the second derivative of k**5/60 + k**4/6 + 2*k**3 + 8*k**2 - 17*k. Let l(y) be the first derivative of q(y). What is the units digit of l(7)?
9
Suppose -2*h + g = -5, 0 = 20*h - 17*h + 2*g + 10. Let t = 583 + -20. Suppose -c = 4*r - 593, 4*r = -h*c + 5*c + t. What is the units digit of r?
7
Let u(l) = -l**3 + 4*l**2 - 3*l + 1. Let r be u(2). Let m(k) = -2*k**2 - k**r + 5*k + 8*k**2 - 3*k - 2. What is the tens digit of m(5)?
3
Let p be 4/(-2 + 5528/2766). Let q = -1563 - p. What is the thousands digit of q?
1
Suppose -4*m - 52567 = -5*t, 63583 - 11002 = 5*t + 3*m. What is the tens digit of t?
1
Suppose 0 = f - 1, 0*i + 3*i - 39 = 3*f. Suppose -s + 3 = -y + i, -4*s = -y + 56. Let h = s - -53. What is the units digit of h?
8
Let o be (11 + -1)/(10/25*-5). Let m(r) = 5*r**2 + 7*r + 7. What is the units digit of m(o)?
7
Let s(g) = 17*g**3 + 2*g**2 - g - 1. Let c be s(1). Suppose 21*x - c*x = 988. What is the units digit of x?
7
Let p(u) = 153*u**2 - 43*u + 99. What is the hundreds digit of p(8)?
5
Let p be -4 + 242/55 - 6/(-10). What is the units digit of 3/((-117)/(-28613)) - p/(-3)?
4
Suppose -3*i + 2119 - 580 = 0. Let y = i - -62. What is the units digit of y?
5
Suppose -z + 38 = 2*d, -6*z + 8*z - 95 = -5*d. Let s(p) be the second derivative of -p**4/12 + 25*p**3/6 - 23*p**2/2 - p. What is the units digit of s(d)?
1
Suppose 0 = 4*u + 2*d + 34, -d + 16 = -u - 3*d. What is the tens digit of (-7)/(21/u)*(-83)/(-2)?
8
Suppose 1884